 -4*m = 5*k - 8. Let n(u) be the first derivative of 10 - 7*u - 1/2*u**2. Give n(k).
-7
Let p(m) = 5*m**2 - 11*m - 28. Let w(l) = 14*l**2 - 38*l - 83. Let g(c) = -8*p(c) + 3*w(c). What is g(14)?
3
Let u(p) = -2*p**2 + 19*p + 11. Suppose 256*b - 253*b = 6. Suppose -4*v + 5 = 3*k - 17, b*v = -4. Calculate u(k).
1
Let p(w) be the first derivative of -8*w + 32 - 1/6*w**3 - 3/2*w**2 - 13/60*w**5 + 1/24*w**4. Let y(k) be the second derivative of p(k). Determine y(1).
-13
Let z(o) = -4*o**3 - 7*o**2 + 1. Suppose -107 + 93 = 2*c. Let v(m) = -1 + 6*m**2 - 1 + 9*m**3 + 6*m**2 + 3*m**2. Let r(u) = c*z(u) - 3*v(u). What is r(-3)?
8
Let x(t) be the third derivative of -t**5/30 + 5*t**4/12 + 2*t**3 - t**2 + 3357*t. Calculate x(8).
-36
Suppose -23*w - 27 = -14*w. Suppose 0 = -5*l + 14 + 1. Let o(r) = 4*r**2 - 2*r - 2*r**3 - 2 + 3*r**l - r**2. Determine o(w).
4
Suppose -2*c = -3*b - c + 11, 4*c = -2*b + 12. Suppose b*x + 108 = 8*x. Let j be (18/x)/((-2)/15). Let i(t) = -t**3 - 4*t**2 + 5*t - 2. What is i(j)?
-2
Let x(f) be the second derivative of -f**5/10 - 5*f**4/2 - 2*f**3/3 - 28*f**2 - f - 194. Give x(-15).
4
Suppose 54*c + 50 = 698. Let d(b) = -b**3 + 13*b**2 - 11*b + 9. Calculate d(c).
21
Suppose -36 = 3*r - 144. Let o = -20 + r. Suppose x - k - o = 4*x, -3*k - 20 = 5*x. Let f(w) = w**3 + 8*w**2 + 6*w - 9. Determine f(x).
-2
Let u(i) = -8*i + 7. Suppose -y + 3*r - 45 + 55 = 0, 2 = 2*y + 3*r. Calculate u(y).
-25
Suppose -4 = 4*p + 3*a, -2*p - 2*p - 2*a = 0. Let v(q) = 3000*q**3 - p + 3000*q**3 - 4*q - 6001*q**3 + 7*q**2. Calculate v(5).
28
Let z(a) = 38*a - 404. Let q(w) = 28*w - 305. Let t(o) = 13*q(o) - 10*z(o). Determine t(5).
-5
Let g(h) = h**2 - 7*h - 7. Let c = -35 + 37. Suppose d = -c*l - 2*d + 105, 0 = 4*l - 4*d - 260. Let b be (-24)/l + (-74)/(-20)*2. Give g(b).
-7
Suppose 2*f + 5*d = 560, -4*f + 7*f - 4*d - 817 = 0. Let t = f + -278. Let p(g) = g**3 + 5*g**2 + 2*g - 1. Calculate p(t).
11
Let u(c) = -8*c + 60. Suppose -42*g + 642 = -10*g + 34. Determine u(g).
-92
Suppose -14 = -3*c + 19. Let s(v) be the second derivative of -v**5/20 + 5*v**4/6 + 13*v**3/6 - 13*v**2/2 - v - 16. Calculate s(c).
9
Let z = -10 - -18. Let b(m) be the second derivative of 0 - 1/6*m**3 - 126*m + m**2. Calculate b(z).
-6
Suppose q = 2 - 3. Let n(f) = 4*f**2 - 4*f - 4. Let i be n(q). Let y(x) = -x**3 + 5*x**2 - 2*x - 5. What is y(i)?
3
Suppose -787 = 53*c + 167. Let k(l) = -l**3 - 18*l**2 + l + 13. Calculate k(c).
-5
Let n(s) be the first derivative of s**4/4 + 2*s**3 + 11*s**2/2 + 7*s + 1473. Calculate n(-4).
-5
Let y(p) = -5*p**3 - 52*p**2 + 55*p - 68. Let w(g) = 2*g**3 + 25*g**2 - 29*g + 35. Let r(z) = 7*w(z) + 3*y(z). What is r(17)?
-27
Let m(d) = -2*d**3 + 2*d**2 - d - 1. Let z(l) = -21*l**3 + 40*l**2 + 32*l + 16. Let y(i) = -10*m(i) + z(i). Calculate y(22).
-18
Let k(s) = -s - 3. Let u = -334 + 86. Let m = 247 + u. Give k(m).
-2
Let x(a) be the second derivative of a**4/12 + 7*a**3/6 + 7*a**2/2 - a. Let o = -264 - -426. Suppose -21*p - o = 6*p. Calculate x(p).
1
Let q(t) = -94 - 92 + 350 - 89 - 89 + 3*t. Determine q(10).
16
Let n(v) be the second derivative of v**5/20 + v**4/3 - v**3 - 11*v + 28. Give n(2).
12
Let s(p) = -44*p + 4 - 24 - 24 + 11. Let x be s(-1). Let c(u) = -u**2 + 10*u + 9. Give c(x).
-2
Let m(p) be the first derivative of p**4/6 - p**3 + 3*p**2 - 28*p + 30. Let y(l) be the first derivative of m(l). Determine y(5).
26
Let k(g) = -g**3 + 5*g**2 - 2*g - 1. Let l = 575 + -580. Let p(a) = a**2 + 4*a - 1. Let u be p(l). Calculate k(u).
7
Let o be -12*((-2)/(-6) - 30/(-72)). Let i(t) = -t**3 - 10*t**2 - 10*t - 7. Calculate i(o).
2
Let t(h) = h - 43*h**2 + 56 - 29*h**2 + 89*h**2 - 42 - h**3. What is t(17)?
31
Let b(w) be the second derivative of -11/6*w**3 - 1/120*w**5 + 0*w**2 + 0 + 2*w + 1/12*w**4. Let p(y) be the second derivative of b(y). Calculate p(3).
-1
Let i(o) = 13*o**3 - o**2 - 4*o + 19. Let s(f) = -7*f**3 + f**2 + 2*f - 10. Let n(z) = -6*i(z) - 11*s(z). Suppose -10*l = -16*l - 30. Determine n(l).
-14
Let l(c) = 12*c + 22. Let q(j) = j**2 + 6*j - 39. Let h be q(4). Let f(r) = 2*r + 3. Let d(o) = h*l(o) - 5*f(o). Determine d(-5).
-3
Let g(d) be the third derivative of d**6/120 + d**5/10 + d**4/4 + d**3/6 + 28305*d**2. Let i be -1 - (0 - (-1 + -2)). Calculate g(i).
9
Let t(f) = 5*f - 11. Let a be (-14)/(-21)*-3 - 9. Let u(k) = -14*k + 35. Let l(h) = a*t(h) - 4*u(h). Calculate l(0).
-19
Let c(s) = -s**2 + 27*s - 90. Let x be c(4). Let v(n) = 98 - 9*n + 98 + 7*n**x - 196 - n**3. Let w be (3/6)/(1/12). Give v(w).
-18
Let x = -369 + 374. Suppose -5*o = 4*s - x*s - 17, -5*o + 13 = s. Let f(q) = q - 3. Give f(s).
-5
Let y(p) = p**3 + 28*p**2 - 21*p - 78. Let d be y(-29). Let a = d - -309. Let j(u) = 7*u**2. Calculate j(a).
7
Let l(j) be the second derivative of -j**5/20 + j**4/3 + 5*j**3/6 - 3*j**2/2 - 227*j. Let z be 10*(3 - 20/8). Determine l(z).
-3
Let y(n) be the third derivative of n**4/24 - n**3/2 + 41693*n**2. Let p(b) = -b**3 + b**2 + b - 1. Let q be p(1). Determine y(q).
-3
Let h be (-108)/(-72)*(-3 + 3 + 1/6). Let t(l) be the second derivative of -h*l**4 + 4*l + 0*l**2 + 0 - 1/2*l**3. Determine t(-2).
-6
Let r(t) = 9*t**2 - 7*t + 4. Let a(c) = -20*c**2 + 13*c - 8. Let w(h) = -4*a(h) - 9*r(h). Let o(k) = k**2 - 11*k + 3. Let q(x) = 5*o(x) + 6*w(x). Give q(10).
1
Let n(k) = 15*k + 213. Let a(w) = 2*w + 30. Let l(t) = -7*a(t) + n(t). Give l(-4).
-1
Let y(n) = -13*n**2 + 15*n**2 - n**2 - 45 + 93 - 59 - 6*n. Calculate y(-3).
16
Let m(i) be the first derivative of -i**2/2 - 8*i + 48. Let w(g) = g**2 + 8*g + 7. Suppose 4*o - 2*j + 28 = -0*o, -5*j - 14 = 4*o. Let n be w(o). What is m(n)?
-3
Let s(c) = -c**3 - 6*c**2 - 16*c - 30. Suppose 777 = 128*f + 1161. Give s(f).
-9
Let b(t) be the first derivative of t**7/840 + t**6/60 + t**5/120 - t**4/8 - 2*t**3/3 - 94*t + 126. Let z(d) be the third derivative of b(d). What is z(-6)?
-9
Let t(s) = -58 + 17 + 19 - s + 23 + 12. Determine t(12).
1
Let b(j) = -j**3 + j**2 + 4*j + 3. Let m be -105 + 97 + (-10)/(-2). Determine b(m).
27
Let y(g) = -93*g + 347. Let a be y(4). Let k(v) = -v**3 - 24*v**2 + 23*v + 14. Give k(a).
64
Suppose -38*x = -4*o - 368, -5*o - 23 = -4*x + 2. Let m(h) = h**3 - 12*h**2 + 25*h - 44. Calculate m(x).
6
Let r(m) = -980*m**3 + m**2 - 3*m**2 + 1959*m**3 + 1 + 2*m - 976*m**3. What is r(2)?
21
Let g(v) be the second derivative of 5*v**4/6 + 4*v**3/3 - 4*v**2 - 88*v. Let m(p) = -4*p**2 - 3*p + 3. Let y(l) = -3*g(l) - 8*m(l). Give y(1).
2
Let t(v) = v**3 + v**2 - v + 5. Let q be ((-100)/(-6))/((-8)/84). Let z = q + 175. What is t(z)?
5
Let g(f) be the second derivative of -f**4/8 + 31*f**3/6 + 74*f**2 - 13*f + 8. Let s(w) be the first derivative of g(w). Calculate s(9).
4
Suppose -5*z = -16*z + 66. Let j(r) = -8 + 12*r + z*r**2 - 7*r**2 - 5*r. Let x be (-24)/10*(-25)/10. Calculate j(x).
-2
Let t(a) = 26*a - 33. Let p(l) = 6*l - 6. Let f(j) = -29*p(j) + 6*t(j). Give f(-8).
120
Let m(g) = -g**2 + 14*g + 20. Let v = -2517 - -2532. Give m(v).
5
Let z(m) = -m**2 - 8*m - 5. Let g be z(-7). Suppose 2*t = 3*y + 12, -g*y = t - 3*y - 4. Let h(n) = 2 + 3 + t + n - 7. Determine h(0).
-2
Let w = 43 + -39. Suppose 3*s + 31 = -w*c, 6*s - 4*s = -5*c - 30. Let q(f) be the first derivative of f**4/4 + f**3 - 5*f**2/2 - 5*f + 1. Give q(c).
-1
Suppose 4*s - 8 = -4*s. Let c(a) = -a**2 + 7*a + 7. Let o(u) = -2*u - 1. Let q(x) = s*o(x) + c(x). Determine q(5).
6
Suppose -2*j - 3*j + 20 = 0, -17 = -u - j. Let t(i) = 11*i - 218. Let o be t(20). Let b(r) = 12 + 3*r**3 - u - o*r**2 - 2*r**3 - r. Determine b(3).
5
Let x(a) = a**2 + 10*a + 10. Let m(h) = h**2 - 22*h - 417. Let b be m(34). Calculate x(b).
1
Suppose -2*x - z + 1241 = -5*x, -x - 2*z = 409. Let i = -405 - x. Let l(h) = h**3 - 9*h**2 + 3*h + 10. Determine l(i).
-30
Suppose g - 8*o + 4 = -6*o, 2*g = 5*o - 5. Let j(k) = -k**3 - 11*k**2 - 10*k - 11. What is j(g)?
-11
Let y(q) = -q**3 + 2*q**2 - q. Let t(g) be the third derivative of -7*g**6/120 + g**5/15 + g**4/24 - 2*g**3 + 88*g**2. Let m(b) = t(b) - 6*y(b). What is m(-9)?
6
Suppose -8*b = -1459 - 2301. Let l = 466 - b. Let j(f) = -12*f - 6. Let v(i) = 11*i + 6. Let x(z) = -5*j(z) - 6*v(z). Determine x(l).
18
Let k be -5*((112/(-21))/8)/((-6)/(-9)). Let m(l) = -2*l**2 - 12. Give m(k).
-62
Let h be (-12)/(-8)